me factors of l.
2, 11, 17
Suppose c = 2*b - 59, 0 = 5*b - 6*b - 4*c + 43. Let y = 34 - b. What are the prime factors of y?
3
Suppose 1767 = -45*x + 52932. What are the prime factors of x?
3, 379
Suppose -9 = 5*f + 11. Let j(r) = r**2 + 8*r - 32. Let i be j(-10). What are the prime factors of i/18*246/f?
41
Suppose -3*i = -0*i + 966. Let m be 1/(-3) - i/21. List the prime factors of (m/(-2))/(1/(-2)).
3, 5
Let a(j) = j**3 + 18*j**2 + 22*j - 25. Let y be -18 + 4 + 3 + -5. List the prime factors of a(y).
3, 5
Let t(p) = -p**3 + 10*p**2 - 15*p - 6. Let b be t(8). Suppose 3*c - 497 = -b*v, -c - 2*c = -4*v - 527. List the prime factors of c.
13
Let y(r) = -r**3 - 6*r**2 + 38*r - 23. What are the prime factors of y(-12)?
5, 7, 11
Suppose -130 = 4*s - 2770. List the prime factors of s.
2, 3, 5, 11
Let o(p) = 2*p**2 - 5*p - 2. Let n be o(5). Let l = 24 - n. Let d(j) = 46*j**3 - j**2 - 1. List the prime factors of d(l).
2, 11
Let x = -4469 - -7351. List the prime factors of x.
2, 11, 131
Let z(u) = -u**3 + 2*u**2 - u + 1. Let d be z(2). Let f(p) = p**3 - 11*p**2 + 9*p + 3. Let i be f(10). Let y = d - i. What are the prime factors of y?
2, 3
Suppose 13 = 5*c - 12, -2*c = -2*z + 1134. What are the prime factors of z?
2, 11, 13
Let n(a) = -22*a**3 + 9*a**2 - 6*a - 30. List the prime factors of n(-5).
5, 7, 17
Suppose 4*k - k - 27 = 0. Let d be ((-24)/k)/((-8)/84). Suppose -5*h + 37 = -d. List the prime factors of h.
13
Let o(i) = i**2 + 2*i + 4. Let v = 10 - 13. Let b be o(v). Suppose b = u - 0*u. What are the prime factors of u?
7
Let x(b) = -135*b - 17. List the prime factors of x(-8).
1063
Let m(j) = j**2 + j - 27. Let v be -2 + (0 - 0) - -2. Let h be m(v). Let b = h + 53. What are the prime factors of b?
2, 13
Let c be (-16)/6*1659/(-14). Suppose 11*o - 7*o - c = 0. List the prime factors of o.
79
Let n be (-4)/(-4) + ((-2)/2 - -3). Suppose n*i = -3*c + 444, -253 - 339 = -4*i + c. What are the prime factors of i?
2, 37
Let u(t) = -t**3 + 2*t**2 + 2*t + 1. Let a be u(-1). Suppose -5*m = a*h - 172, -5*m + 3*h + 173 = 6*h. What are the prime factors of m?
2, 17
Let u(b) = 2*b**2 - 2*b - 2. Let f be u(2). Suppose 22 = f*t - 30. List the prime factors of (3/(-6))/((-1)/t).
13
Let b(t) = 4*t**2 + 2*t. Let k be b(-6). Let q be (9 - -1)*(4/8)/1. Suppose q*u - 23 = k. What are the prime factors of u?
31
Let o = 3 - 17. List the prime factors of (0 + -1)*o + (-2)/2.
13
Suppose 6 = 3*p + 3*k, -7*p + 2*k = -2*p - 17. Suppose 0 = -3*i - 5*w + 256, -p*w + 92 = i - 0*w. What are the prime factors of i?
7, 11
Let t(c) be the third derivative of c**9/60480 + c**6/180 + c**5/15 - 5*c**2. Let o(j) be the third derivative of t(j). What are the prime factors of o(0)?
2
Let d be -3 + (4 - 2/(-2)). Suppose q + d*q - 15 = 0. Suppose 104 = q*l + 9. What are the prime factors of l?
19
Let z be 4/(12/15)*1. Let h(n) = -n**2 + 6*n. Let y be h(z). Suppose -3*t = -y*f + 252, 2*t - 53 = -f - 0*f. What are the prime factors of f?
3, 17
Suppose 18 = 3*v + 5*a - 0, -2*v - 5*a = -12. Suppose -239 = -v*b + 799. List the prime factors of b.
173
Let i(b) = b + 13. Let z be i(-11). Suppose z*a + 62 = 370. List the prime factors of a.
2, 7, 11
Let f(m) be the first derivative of -m**2 + 3*m - 12. List the prime factors of f(-10).
23
Let i = -4 - -6. Suppose -i*c + 192 = -5*c. Let x = c - -92. List the prime factors of x.
2, 7
Suppose -5*i - 2*c = -i - 416, 3*c = -i + 104. Suppose 0 = 11*u - 13*u + i. List the prime factors of u.
2, 13
Let x(s) = -2*s + 38. Let o be x(8). Suppose 0 = -o*y + 19*y + 810. What are the prime factors of y?
2, 3, 5
List the prime factors of -8 - -6 - (2037 - 0)*-1.
5, 11, 37
Let s(a) be the second derivative of a**4/12 + a**3/3 + 36*a**2 - 15*a. What are the prime factors of s(0)?
2, 3
Let t(y) = -y**3 + 14*y**2 - 6*y + 8. Let s be t(8). Suppose -19*k = -15*k - s. Suppose 2*z - k = -5*g, -z + 2*z + 3*g = 42. What are the prime factors of z?
2, 3
Let r(h) = h**2 - 5*h - 19. Let y = -82 + 74. What are the prime factors of r(y)?
5, 17
Let y(h) = 5*h**2 - 34*h - 30. What are the prime factors of y(-19)?
3, 269
Let x be (-10)/12 + 12/(-72). Let m be ((-16)/(-32))/(x/(-10)). Suppose 3*o + f + 4*f = 80, 4*f + 195 = m*o. What are the prime factors of o?
5, 7
Let y(j) = -j + 1. Let d be y(1). Let s = d - -27. Suppose 3*q - 6 = s. List the prime factors of q.
11
Let w(h) = -3*h - 4*h + 32 - 5*h. What are the prime factors of w(-6)?
2, 13
Suppose 0 = 5*b - l + 238, 3*l - 244 = 3*b + 2*b. Let q = b - -116. List the prime factors of q.
3, 23
Let r be (3/5)/(((-4)/20)/1). List the prime factors of (-3)/((332/(-112) - r)*-1).
2, 3, 7
Suppose 3*k = -x + 18, x + 2*k - 16 = -3. Suppose m = 3*b - x*m - 29, -4*b + 2 = 2*m. What are the prime factors of b?
3
What are the prime factors of (-2 - (-2 + 620))*(-581)/332?
5, 7, 31
Let t = 356 + -64. List the prime factors of t.
2, 73
Let v = -621 - -942. List the prime factors of v.
3, 107
Let j = -215 - -507. What are the prime factors of j?
2, 73
Suppose 485 - 145 = 4*h. Suppose -83*i - 154 = -h*i. List the prime factors of i.
7, 11
Let y(w) = w - 2. Let p be y(0). Let v(k) = -k**2 - 2*k + 2. Let d be v(p). List the prime factors of d/10 - (-1352)/40.
2, 17
Let s(y) = -y + 1. Let g be (27/2 + -4)/(2/(-4)). What are the prime factors of s(g)?
2, 5
Suppose 4*u = 8, 48*p - 52*p + 4936 = -2*u. List the prime factors of p.
5, 13, 19
Let v(l) = 12*l + 18*l + 21 + l**2 - 13*l + 3*l. List the prime factors of v(-19).
2
Let l(y) = 5*y**2 + 23*y - 6. Let z(n) = 2*n**2 + 11*n - 3. Let h(s) = 6*l(s) - 13*z(s). List the prime factors of h(3).
2, 3
Suppose 5*j + 351 = 8*j. What are the prime factors of 2 + (0 + j)*2 - 4?
2, 29
Suppose 20 = -4*m, -5*t + 2*m - 5*m + 815 = 0. Let q = 98 - t. Let d = 115 + q. What are the prime factors of d?
47
Let l = 52 + -5. Suppose l = 3*w - 7. What are the prime factors of w?
2, 3
Suppose -3*p + 15 = 4*l - 36, 10 = l - 2*p. Let w(r) = -r**2 + 29*r - 42. What are the prime factors of w(l)?
2, 3
What are the prime factors of (7/(-14))/((-3)/1242)?
3, 23
Let j(z) = 16*z**3 + 6*z**2 - 41*z + 142. What are the prime factors of j(6)?
2, 223
Let j = -92 - -234. What are the prime factors of j?
2, 71
Suppose -2*c = -2*v - 6, 3*v + 2*c + 37 = -2*c. Let x = -2 - v. Suppose x*h - 115 = 25. List the prime factors of h.
2, 7
List the prime factors of -2 - 2*-206 - 36/(-12).
7, 59
Suppose a = 2*i + 4168, -i = -4*a + 1863 + 14809. What are the prime factors of a?
2, 521
What are the prime factors of ((-27)/6)/((16 + -2)/(-392))?
2, 3, 7
Let i = 11 - 10. Let v be -2*i*18/(-12). List the prime factors of v + -6 + (-12)/(-1).
3
List the prime factors of ((-60)/(-9))/4 - (-39524)/123.
17, 19
Suppose -2*m + 5*m - 21 = 0. What are the prime factors of 1788/21 + (-1)/m?
5, 17
Let y(q) = -q**3 - 9*q**2 - 15*q - 7. Let j be y(-7). Suppose 3*f + 5*w - 968 = 0, 17*w - 14*w + 15 = j. What are the prime factors of f?
331
Let x = 1001 + 54. What are the prime factors of x?
5, 211
Let l be (-3)/4 + 19/4. Suppose 3 = -l*z - 25. List the prime factors of ((-66)/z)/((-2)/(-14)).
2, 3, 11
Let n = 488 + -241. What are the prime factors of n?
13, 19
Let p be (-272)/24 - (-1)/3. Let i = p - -5. What are the prime factors of 2/i - (-368)/24?
3, 5
Let b(q) = q**3 + 6*q**2 - 5*q + 8. Let v be b(-7). Let d be 2/v + 132/18. Suppose -44 = -d*r + 3*r. What are the prime factors of r?
11
Let k be (1 - 0 - -2) + 179. Let r be -1*3*k/21. What are the prime factors of (-7)/(7/r) + 4?
2, 3, 5
Let d(r) = r**2 + 3*r - 8. Let q be d(-8). Let t be (q/2)/(4/(-26)). List the prime factors of -4 + 1 - t/4.
23
Let m be -3*(-3 - (-5 + 1)). Let f be (-3)/9 + (-1)/m. Suppose 3*a - 89 - 76 = f. List the prime factors of a.
5, 11
Let y be -476 + 4/(6 - 2). Let i = -324 - y. List the prime factors of i.
151
Suppose 49*k - 8010 = 19*k. What are the prime factors of k?
3, 89
Let t = 12 - 0. List the prime factors of (-1)/2 + 2094/t + 1.
5, 7
Let l(p) = -37*p**3 - p**2 + p + 1. Let i(s) = -36*s**3 - s**2 + s + 1. Let y(w) = 6*i(w) - 5*l(w). Let o be (-6)/4 - 5/(-10). List the prime factors of y(o).
2, 3, 5
Suppose 10 = -0*w + 2*w. List the prime factors of (-62)/(-6)*3 + w.
2, 3
Let t be (12/9)/(4/(-504)). What are the prime factors of (10/4)/((-1)/t*4)?
3, 5, 7
Let n be (-82)